 v(c).
2
Let q(p) = -8*p + 1. Let u(r) = -5*r - 1. Let n be u(-2). Let c be 7/9 - (-2)/n. Give q(c).
-7
Let u(c) = 16 - 7*c + 5*c**2 + 2*c**3 - 25 - c**3. Calculate u(-6).
-3
Let v be ((-1 - -1)/1)/2. Suppose v = -2*l - l + 9. Let b(z) = z + 6 + l*z + 2*z + 5*z**2 - 3*z + z**3. Determine b(-4).
10
Let k(j) be the first derivative of -4 + 2*j**2 - 4*j + 1/3*j**3. Give k(-5).
1
Let j(t) = -t**3 - 7*t**2 + 8*t + 8. Let v(i) = -i - 4. Let m be v(4). Calculate j(m).
8
Let j(t) = 4*t - 14*t**2 - 5 - 4*t**2 + 19*t**2. Give j(-5).
0
Let w(t) = 74*t**2 + 7 - 73*t**2 - 3*t - t**3 - 4. Calculate w(2).
-7
Let w = 12 - 13. Let l(c) = -2*c**2 - 2*c - 1 + c**3 + 0*c**3 + c**2. Determine l(w).
-1
Let s(m) = -2*m - 6. Let t be s(-5). Let u(h) = 5 - 7*h + 5*h**2 - 3*h**2 + h**3 - 5*h**2. Determine u(t).
-7
Let k(t) = t + t + 2 + t. Determine k(-4).
-10
Let l(g) = -g**2 + 37*g - 37. Let u be l(36). Let n(j) = -9*j**3 + 5 - 3 - 1 - j**2. Give n(u).
9
Let b be (0 - -2) + 6/(-2). Let y(d) be the first derivative of -d**4/4 - d**3/3 - 65. Calculate y(b).
0
Let y(q) = q**2 - 2*q - 5. Let t = -13 + 6. Let k be -1*1*(-2 - -8). Let c(a) = -a**2 + 3*a + 6. Let m(v) = k*c(v) + t*y(v). Calculate m(-2).
3
Let p = 4 + -2. Let y(r) = p - 3*r - r**2 - 3 - 1. Give y(-3).
-2
Let q(z) = z**3 - 6*z**2 + 1. Suppose -4*g + 3*a + 30 = 0, -2 = -a + 2*a. Give q(g).
1
Let d(p) = -3*p - p - 5*p**2 - 7 + p. Let x(o) = -11*o**2 - 6*o - 15. Let l(b) = -13*d(b) + 6*x(b). Give l(4).
-3
Let h(d) = 5*d + 7. Let n(z) = -11*z - 15. Let q(j) = -9*h(j) - 4*n(j). Suppose 4*g = 5*g. What is q(g)?
-3
Let w(r) = 2*r - 3. Let d(q) be the first derivative of q**2/2 + 4*q - 2. Let z be d(-2). Let x be 0 - (-5 - (-1 - z)). Give w(x).
1
Suppose 0 = -3*b - 53 + 41. Let o(c) = -c**3 - 3*c**2 - c + 2. Determine o(b).
22
Let z be (-9)/(-2) - 3/6. Let i(t) = -2 - 3 + 1 - t**2 + 6*t. Determine i(z).
4
Let m(z) be the second derivative of 7*z**5/20 + z**4/12 - z**3/6 - z**2/2 + 3*z. Let k be 0 + 0 + -2 + 1. What is m(k)?
-6
Let w(t) be the second derivative of -t**3/6 - 11*t**2/2 + 3*t. Determine w(-7).
-4
Let n = 1 - 1. Let y(q) = q + 9. Let x be y(-7). Let o(b) = n - b**x + 4*b - 3 - 8*b. Give o(-4).
-3
Let q be 1/4 - (-19)/4. Suppose 4*l - q*v = -l, l = -2*v + 12. Let c(p) = l*p**2 - 4*p**2 - 1 + p**3. What is c(1)?
0
Let v(u) = -u**2 - 1. Let m(a) = 6*a**2 - a + 6. Suppose 8 = -3*h - 2*n, n - 4 + 1 = 2*h. Let z(x) = h*m(x) - 11*v(x). Calculate z(2).
-1
Let d(x) be the second derivative of 2*x**2 + 1/6*x**3 + x + 0. Give d(-3).
1
Let u = -1 + 1. Let x(n) = n**2 - n - 4*n + u*n. Let y be (-75)/10*(-2)/3. Give x(y).
0
Let y(n) be the third derivative of 0*n - 1/3*n**3 + 1/24*n**4 + 0 - 7*n**2. Determine y(5).
3
Suppose -3 = 4*u + j - 9, -10 = -2*u - 4*j. Let i(n) = -n + 1 + 0*n + 2*n. Let m(l) = 5*l + 6. Let h(c) = u*m(c) - 6*i(c). Give h(-5).
5
Let o(k) = k**3 + 4*k**2 + 2*k - 1. Let n be o(-2). Let b = 34 + -51. Let r(u) = -9*u - 2. Let g(x) = 26*x + 5. Let z(q) = b*r(q) - 6*g(q). Calculate z(n).
-5
Let q(c) = c**3 + 2*c**2 - c - 2. Suppose 5*r - 5 = -0*r. Let h = -3 + r. Determine q(h).
0
Let x(v) = -v**3 + 6*v**2 + 5*v + 2. Let n = -111 + 118. Calculate x(n).
-12
Let n(x) = x**3 - 5*x**2 + x + 9. Let q(h) = h**3 - 5*h**2 + h + 8. Let t(p) = 4*n(p) - 5*q(p). Give t(5).
-9
Let v(n) = -14 - n - 20 + 33. Give v(-1).
0
Suppose -8 = -4*q + 3*t, 0 = 2*q - 4*t + t - 4. Let r(b) = 0*b**2 - 4*b**2 + 5*b**2 - b - b**3. Calculate r(q).
-6
Let f(z) = z**2 - 4*z + 7. Suppose j = 3*g - 8, -7*j + 3*j = -3*g + 5. Give f(g).
4
Let x(u) = -7*u**3 + 9*u**2 + 12*u + 13. Let v(s) = 13*s**3 - 17*s**2 - 23*s - 25. Let o(n) = 6*v(n) + 11*x(n). What is o(5)?
13
Let q(v) = -v - 6. Let j be (8/4 + (-3)/2)*-2. Let s = -4 + 2. Let w be 0/j*s/4. What is q(w)?
-6
Let f = -241/2 - -121. Let a(g) be the first derivative of 4 + 5*g - f*g**2. Give a(4).
1
Let m(v) be the first derivative of -v**3/3 - 7*v**2/2 + 7*v - 22. What is m(-8)?
-1
Let r(b) = 4*b**2 - 2*b + 1. Let c = 6 + -3. Suppose -c*y - 3*q = -9, -5*y - q + 15 = -5*q. Suppose -o + 7 = -y*g, -g = o + 2*g + 5. What is r(o)?
3
Suppose 2*d - 3*p + p + 14 = 0, 0 = -4*d + 2*p - 18. Let o = d + 4. Suppose -3*j = -10 - o. Let q(x) = x**2 - 2*x - 4. Give q(j).
4
Let d(j) = j**3 - 4*j**2 - 7. Let l(s) = -s**2 + 5*s + 11. Let k be l(6). Give d(k).
18
Let n(l) be the third derivative of 1/120*l**6 - 6*l**2 + 1/6*l**4 + 1/2*l**3 + 0 + 0*l - 1/12*l**5. What is n(4)?
3
Let p be 148/28 + (-4)/14. Let f(u) = 2*u - 11. Let b(x) = x - 6. Let y(d) = -5*b(d) + 2*f(d). Determine y(p).
3
Let j(z) = z**3 + 5*z**2 - 5*z + 6. Let o be j(-6). Let q be o - 0/2 - -5. Let i(f) = -f + 0*f**2 + q*f**2 + 6*f + f**3. Determine i(-4).
-4
Let u(m) be the third derivative of 0 + 1/24*m**4 + 0*m + 5*m**2 + 1/3*m**3. What is u(-6)?
-4
Let w(q) = -q**3 + 3*q**2 - 3*q. Suppose t + 3*j - 22 = -8, -3*t - 5*j + 26 = 0. Let h be 3 - (-2 - (-1 - t)). Give w(h).
-2
Let s = -8 + 7. Let j(r) be the first derivative of 2*r**3/3 - r**2 - r - 4. What is j(s)?
3
Let k(r) be the first derivative of -r**3/3 - 3*r**2/2 + 2*r - 1. Suppose 2*v + 4 + 8 = 0. Let s be ((-3)/v)/((-1)/10). Calculate k(s).
-8
Suppose -3*z - 12 = -2*r, r + 3*r = 3*z + 18. Let h(m) = m**3 - r*m**2 + 3 + 0*m**3 + 4*m**2. Determine h(0).
3
Let f be 2/16 - (-30)/144. Let s(w) be the second derivative of f*w**3 + 0 + 0*w**2 + 2*w. Determine s(2).
4
Suppose -2*l + 2*z - 2 = 6*z, l + 5*z - 2 = 0. Suppose 2*d + 3*b - 30 = -b, d - 11 = -b. Let g = l + d. Let f(j) = -j**3 + 5*j**2 - 5*j. What is f(g)?
-4
Let w(x) = -x**2 - 8*x - 6. Suppose -2*b - 47 = d + 2*d, -5*b = 4*d + 72. Let f = d + 7. Determine w(f).
6
Let f(q) = q + 2. Let h(n) = -n**3 - 12*n**2 + n + 7. Let a be h(-12). What is f(a)?
-3
Let y(k) be the third derivative of k**6/60 + k**5/20 + k**4/6 + k**3/3 + k**2. What is y(-2)?
-10
Let n(l) = -4*l**2 - l + 1. Let r(c) = -c**2 + 8*c + 13. Let p be r(10). Let j = 8 + p. Give n(j).
-4
Let t be -1 - (4 + -2 + -2). Let b = 1 + t. Let z(u) = 5*u + 27. Let l(a) = 2*a + 13. Let g(q) = -7*l(q) + 3*z(q). Calculate g(b).
-10
Let b(t) = 0*t - 6*t**3 - t**2 + 21*t**3 + 0*t. What is b(-1)?
-16
Let w be ((-2)/6)/(2/(-12)). Let j(c) = -4*c**2 + 2*c**2 + w*c**2 - c**2 - c - 2*c**3. Determine j(-1).
2
Let y(u) be the third derivative of -4*u**2 - 1/24*u**4 + 0*u + 7/3*u**3 + 0. Give y(6).
8
Let c(u) = u**3 + u**2 + 3. Let x be c(0). Suppose -13 = -4*s + x. Let w(o) = 1. Let z(h) = h - 5. Let r(f) = 5*w(f) + z(f). Determine r(s).
4
Let b(p) = -p**2 - 3*p + 1. Let s be (-3)/4*(-88)/33. Suppose 7*m = 2*m - 5*y + 5, -5*m = -s*y + 30. Calculate b(m).
-3
Suppose b + 12 = 5*b. Let r(k) = k**3 + k - 1. Let u(a) = -4*a**3 + 4*a**2 - 3*a + 1. Let l(w) = -3*r(w) - u(w). Calculate l(b).
-7
Let a be ((2 + 2)/(-2))/(-1). Let u(s) = -9*s + s**2 + 7*s + a - 2*s**2. Let w(i) = i**3 - 7*i**2 + 5*i + 3. Let p be w(6). Determine u(p).
-1
Let x(s) = -2*s - 26. Let p be x(-15). Let d = p + -4. Let u(b) = -b**2 - 2*b**2 + 2*b**2 - 4 + b. Calculate u(d).
-4
Let o(i) = 2*i**3 - 7*i**2 - 21*i. Let r(w) = w**3 - 4*w**2 - 10*w. Let u(z) = -2*o(z) + 5*r(z). Determine u(7).
-7
Let c(x) = x**2 + x - 2. Let l be c(2). Let t(g) = -g**3 + 5*g**2 - 4*g + 5. Determine t(l).
5
Let p(w) = -6*w**2 - 2*w - 1. Let m be 1/((0 - 1)*1). Calculate p(m).
-5
Let d(r) be the third derivative of -r**4/12 + r**3/2 + 6*r**2. Give d(6).
-9
Let q(b) be the second derivative of b**7/840 - b**6/72 + b**5/40 - b**4/12 + b**3/3 + 3*b. Let i(x) be the second derivative of q(x). Give i(3).
-11
Suppose 2*v + 4*r = v + 15, 0 = -4*v - 4*r. Let u(h) = -h + 3. Give u(v).
8
Let v(i) = 5 - 3*i - i + i**2 - 3*i. Let k be v(5). Let y(b) = b**3 + 6*b**2 + 3*b - 5. Calculate y(k).
5
Let i(j) be the third derivative of -j**5/30 + j**4/12 + j**3/3 + 24*j**2. Determine i(2).
-2
Suppose n = 3*r + 4*n - 30, 0 = -2*r - 3*n + 24. Let k be 4/r*(-3 + 0). Let a(x) = -1 - 3 + x**2 + 3. Give a(k).
3
Let r(j) = -2*j**2 + 3*j + 2. Let o be r(2). Let c(v) = 4 + v - 3 + o*v. Let l = 5 + 0. Determine c(l).
6
Let f(r) = -2*r + 6*r + 1 + 1 - 3 - 5*r**2. Let a(m) = 6*m**2 - 4*m + 2. Let o(w) = 6*a(w) + 7*f(w). Determine o(-5).
10
Let v(u) = u**3 - 7*u**2 + 7*u. Let p(n) = 7*n**3 - 2*n**2 - n + 2. Let q be p(1). Calculate v(q).
6
Let f be 14/21 - (-16)/(-6). Let l 